{"id":207,"date":"2026-01-16T18:50:07","date_gmt":"2026-01-16T17:50:07","guid":{"rendered":"https:\/\/machakwayra.org\/mw\/?post_type=tribe_events&#038;p=207"},"modified":"2026-01-16T18:53:19","modified_gmt":"2026-01-16T17:53:19","slug":"fete-des-cultures","status":"publish","type":"tribe_events","link":"https:\/\/machakwayra.org\/mw\/index.php\/event\/fete-des-cultures\/","title":{"rendered":"F\u00eate des cultures"},"content":{"rendered":"<p class=\"source-inline-chip-container ng-star-inserted\" style=\"text-align: center;\"><strong>F\u00eate des Cultures.<\/strong><br \/>\n<strong>Grandir en humanit\u00e9 &#8211; C\u00e9l\u00e9brons ce qui nous unit.<\/strong><\/p>\n<p>&nbsp;<\/p>\n<p class=\"source-inline-chip-container ng-star-inserted\">Organisateur : Association PasSages.<\/p>\n<p>&nbsp;<\/p>\n<p class=\"source-inline-chip-container ng-star-inserted\"><strong>Dates : 24 et 25 janvier.<\/strong><br \/>\n<strong>Lieu : Salle du Cheval Blanc, 2a rue de la Tuilerie, Bischheim.<\/strong><\/p>\n<p>&nbsp;<\/p>\n<p class=\"source-inline-chip-container ng-star-inserted\"><strong>Tarif : Entr\u00e9e libre.<\/strong><\/p>\n<p style=\"text-align: center;\"><strong style=\"font-size: 16px; font-style: normal; text-align: center;\"><a style=\"font-size: 16px; color: #3a3a3a; box-shadow: #bfe6ff 0px 0px 0px 1px;\" href=\"http:\/\/machakwayra.org\/mw\/wp-content\/uploads\/2026\/01\/affiche_fete_des_cultures_2026.pdf\">affiche_fete_des_cultures_2026<\/a><\/strong><\/p>\n<p>\u00a0&#8211; &#8211; &#8211; &#8211; &#8211; &#8211; &#8211; &#8211; &#8211; &#8211; &#8211; &#8211; &#8211; &#8211; &#8211; &#8211; &#8211; &#8211; &#8211; &#8211;<\/p>\n<p><strong>Programme d\u00e9taill\u00e9 :<\/strong><\/p>\n<p><strong>Samedi 24 janvier :<\/strong><\/p>\n<p>19h00 : Cin\u00e9ma et soupes du monde.<\/p>\n<p>&nbsp;<\/p>\n<p><strong>Dimanche 25 janvier :<\/strong><\/p>\n<p>10h00 : Village des associations et Table ronde.<\/p>\n<p>12h00 : Repas.<\/p>\n<p>14h00 \u00e0 17h00 : Spectacle.<\/p>\n","protected":false},"excerpt":{"rendered":"<p>F\u00eate des Cultures. Grandir en humanit\u00e9 &#8211; C\u00e9l\u00e9brons ce qui nous unit. &nbsp; Organisateur : Association PasSages. &nbsp; Dates : 24 et 25 janvier. Lieu : Salle du Cheval Blanc, [&hellip;]<\/p>\n","protected":false},"author":1,"featured_media":0,"template":"","meta":{"site-sidebar-layout":"default","site-content-layout":"","ast-site-content-layout":"default","site-content-style":"default","site-sidebar-style":"default","ast-global-header-display":"","ast-banner-title-visibility":"","ast-main-header-display":"","ast-hfb-above-header-display":"","ast-hfb-below-header-display":"","ast-hfb-mobile-header-display":"","site-post-title":"","ast-breadcrumbs-content":"","ast-featured-img":"","footer-sml-layout":"","ast-disable-related-posts":"","theme-transparent-header-meta":"default","adv-header-id-meta":"","stick-header-meta":"","header-above-stick-meta":"","header-main-stick-meta":"","header-below-stick-meta":"","astra-migrate-meta-layouts":"set","ast-page-background-enabled":"default","ast-page-background-meta":{"desktop":{"background-color":"var(--ast-global-color-5)","background-image":"","background-repeat":"repeat","background-position":"center center","background-size":"auto","background-attachment":"scroll","background-type":"","background-media":"","overlay-type":"","overlay-color":"","overlay-opacity":"","overlay-gradient":""},"tablet":{"background-color":"","background-image":"","background-repeat":"repeat","background-position":"center center","background-size":"auto","background-attachment":"scroll","background-type":"","background-media":"","overlay-type":"","overlay-color":"","overlay-opacity":"","overlay-gradient":""},"mobile":{"background-color":"","background-image":"","background-repeat":"repeat","background-position":"center center","background-size":"auto","background-attachment":"scroll","background-type":"","background-media":"","overlay-type":"","overlay-color":"","overlay-opacity":"","overlay-gradient":""}},"ast-content-background-meta":{"desktop":{"background-color":"var(--ast-global-color-4)","background-image":"","background-repeat":"repeat","background-position":"center center","background-size":"auto","background-attachment":"scroll","background-type":"","background-media":"","overlay-type":"","overlay-color":"","overlay-opacity":"","overlay-gradient":""},"tablet":{"background-color":"var(--ast-global-color-4)","background-image":"","background-repeat":"repeat","background-position":"center center","background-size":"auto","background-attachment":"scroll","background-type":"","background-media":"","overlay-type":"","overlay-color":"","overlay-opacity":"","overlay-gradient":""},"mobile":{"background-color":"var(--ast-global-color-4)","background-image":"","background-repeat":"repeat","background-position":"center center","background-size":"auto","background-attachment":"scroll","background-type":"","background-media":"","overlay-type":"","overlay-color":"","overlay-opacity":"","overlay-gradient":""}},"_tribe_events_status":"","_tribe_events_status_reason":"","footnotes":""},"tags":[],"tribe_events_cat":[],"class_list":["post-207","tribe_events","type-tribe_events","status-publish","hentry"],"_links":{"self":[{"href":"https:\/\/machakwayra.org\/mw\/index.php\/wp-json\/wp\/v2\/tribe_events\/207","targetHints":{"allow":["GET"]}}],"collection":[{"href":"https:\/\/machakwayra.org\/mw\/index.php\/wp-json\/wp\/v2\/tribe_events"}],"about":[{"href":"https:\/\/machakwayra.org\/mw\/index.php\/wp-json\/wp\/v2\/types\/tribe_events"}],"author":[{"embeddable":true,"href":"https:\/\/machakwayra.org\/mw\/index.php\/wp-json\/wp\/v2\/users\/1"}],"version-history":[{"count":4,"href":"https:\/\/machakwayra.org\/mw\/index.php\/wp-json\/wp\/v2\/tribe_events\/207\/revisions"}],"predecessor-version":[{"id":212,"href":"https:\/\/machakwayra.org\/mw\/index.php\/wp-json\/wp\/v2\/tribe_events\/207\/revisions\/212"}],"wp:attachment":[{"href":"https:\/\/machakwayra.org\/mw\/index.php\/wp-json\/wp\/v2\/media?parent=207"}],"wp:term":[{"taxonomy":"post_tag","embeddable":true,"href":"https:\/\/machakwayra.org\/mw\/index.php\/wp-json\/wp\/v2\/tags?post=207"},{"taxonomy":"tribe_events_cat","embeddable":true,"href":"https:\/\/machakwayra.org\/mw\/index.php\/wp-json\/wp\/v2\/tribe_events_cat?post=207"}],"curies":[{"name":"wp","href":"https:\/\/api.w.org\/{rel}","templated":true}]}}

Fête des cultures

<p class="source-inline-chip-container ng-star-inserted" style="text-align: center;"><strong>Fête des Cultures.</strong><br />
<strong>Grandir en humanité &#8211; Célébrons ce qui nous unit.</strong></p>
<p>&nbsp;</p>
<p class="source-inline-chip-container ng-star-inserted">Organisateur : Association PasSages.</p>
<p>&nbsp;</p>
<p class="source-inline-chip-container ng-star-inserted"><strong>Dates : 24 et 25 janvier.</strong><br />
<strong>Lieu : Salle du Cheval Blanc, 2a rue de la Tuilerie, Bischheim.</strong></p>
<p>&nbsp;</p>
<p class="source-inline-chip-container ng-star-inserted"><strong>Tarif : Entrée libre.</strong></p>
<p style="text-align: center;"><strong style="font-size: 16px; font-style: normal; text-align: center;"><a style="font-size: 16px; color: #3a3a3a; box-shadow: #bfe6ff 0px 0px 0px 1px;" href="http://machakwayra.org/mw/wp-content/uploads/2026/01/affiche_fete_des_cultures_2026.pdf">affiche_fete_des_cultures_2026</a></strong></p>
<p> &#8211; &#8211; &#8211; &#8211; &#8211; &#8211; &#8211; &#8211; &#8211; &#8211; &#8211; &#8211; &#8211; &#8211; &#8211; &#8211; &#8211; &#8211; &#8211; &#8211;</p>
<p><strong>Programme détaillé :</strong></p>
<p><strong>Samedi 24 janvier :</strong></p>
<p>19h00 : Cinéma et soupes du monde.</p>
<p>&nbsp;</p>
<p><strong>Dimanche 25 janvier :</strong></p>
<p>10h00 : Village des associations et Table ronde.</p>
<p>12h00 : Repas.</p>
<p>14h00 à 17h00 : Spectacle.</p>

<p>Fête des Cultures. Grandir en humanité &#8211; Célébrons ce qui nous unit. &nbsp; Organisateur : Association PasSages. &nbsp; Dates : 24 et 25 janvier. Lieu : Salle du Cheval Blanc, [&hellip;]</p>
